{"id":122,"date":"2022-05-26T23:32:11","date_gmt":"2022-05-26T21:32:11","guid":{"rendered":"http:\/\/1001productions.net\/?page_id=122"},"modified":"2022-05-26T23:32:11","modified_gmt":"2022-05-26T21:32:11","slug":"a-nous-de-jouer","status":"publish","type":"page","link":"http:\/\/1001productions.net\/index.php\/a-nous-de-jouer\/","title":{"rendered":"A NOUS DE JOUER"},"content":{"rendered":"\n<figure class=\"wp-block-embed is-type-video is-provider-youtube wp-block-embed-youtube wp-embed-aspect-16-9 wp-has-aspect-ratio\"><div class=\"wp-block-embed__wrapper\">\n<iframe loading=\"lazy\" title=\"A NOUS DE JOUER ! Bande Annonce \u2729 Documentaire Adolescent\" width=\"660\" height=\"371\" src=\"https:\/\/www.youtube.com\/embed\/3Ia7qV627C8?feature=oembed\" frameborder=\"0\" allow=\"accelerometer; autoplay; clipboard-write; encrypted-media; gyroscope; picture-in-picture\" allowfullscreen><\/iframe>\n<\/div><\/figure>\n\n\n\n<p>\u00c0 Clichy, en banlieue parisienne, le principal du coll\u00e8ge Jean Mac\u00e9 a d\u00e9cid\u00e9 d\u2019encourager les m\u00e9thodes alternatives pour lutter contre l\u2019\u00e9chec scolaire. Au c\u0153ur de ce projet, deux classes : la classe rugby et la classe th\u00e9\u00e2tre. Cette ann\u00e9e, le d\u00e9fi est double \u2013 participer aux championnats de France, pour les uns, monter sur la grande sc\u00e8ne du th\u00e9\u00e2tre de Clichy, pour les autres. Avec un m\u00e9lange de fragilit\u00e9 et d\u2019enthousiasme, \u00c0 NOUS DE JOUER ! dresse un portrait riche et complexe de la soci\u00e9t\u00e9 d&rsquo;aujourd&rsquo;hui, tout en posant une question essentielle : comment changer l&rsquo;\u00e9cole pour que chacun y trouve sa place ?<\/p>\n","protected":false},"excerpt":{"rendered":"<p>\u00c0 Clichy, en banlieue parisienne, le principal du coll\u00e8ge Jean Mac\u00e9 a d\u00e9cid\u00e9 d\u2019encourager les m\u00e9thodes alternatives pour lutter contre l\u2019\u00e9chec scolaire. Au c\u0153ur de ce projet, deux classes : la classe rugby et la classe th\u00e9\u00e2tre. Cette ann\u00e9e, le d\u00e9fi est double \u2013 participer aux championnats de France, pour les uns, monter sur la &hellip; <a href=\"http:\/\/1001productions.net\/index.php\/a-nous-de-jouer\/\" class=\"more-link\">Continuer la lecture de <span class=\"screen-reader-text\">A NOUS DE JOUER<\/span><\/a><\/p>\n","protected":false},"author":1,"featured_media":0,"parent":0,"menu_order":0,"comment_status":"closed","ping_status":"closed","template":"","meta":[],"_links":{"self":[{"href":"http:\/\/1001productions.net\/index.php\/wp-json\/wp\/v2\/pages\/122"}],"collection":[{"href":"http:\/\/1001productions.net\/index.php\/wp-json\/wp\/v2\/pages"}],"about":[{"href":"http:\/\/1001productions.net\/index.php\/wp-json\/wp\/v2\/types\/page"}],"author":[{"embeddable":true,"href":"http:\/\/1001productions.net\/index.php\/wp-json\/wp\/v2\/users\/1"}],"replies":[{"embeddable":true,"href":"http:\/\/1001productions.net\/index.php\/wp-json\/wp\/v2\/comments?post=122"}],"version-history":[{"count":1,"href":"http:\/\/1001productions.net\/index.php\/wp-json\/wp\/v2\/pages\/122\/revisions"}],"predecessor-version":[{"id":123,"href":"http:\/\/1001productions.net\/index.php\/wp-json\/wp\/v2\/pages\/122\/revisions\/123"}],"wp:attachment":[{"href":"http:\/\/1001productions.net\/index.php\/wp-json\/wp\/v2\/media?parent=122"}],"curies":[{"name":"wp","href":"https:\/\/api.w.org\/{rel}","templated":true}]}}